5611323 is divided by 41870437?
12
What is the remainder when 11080845 is divided by 3693541?
222
Calculate the remainder when 30822 is divided by 1035.
807
Calculate the remainder when 52224349 is divided by 1912.
1893
What is the remainder when 1246322 is divided by 4616?
2
Calculate the remainder when 108000 is divided by 26806.
776
Calculate the remainder when 111190 is divided by 36121.
2827
Calculate the remainder when 217758089 is divided by 25.
14
Calculate the remainder when 4120719 is divided by 11107.
22
What is the remainder when 864866 is divided by 17?
8
What is the remainder when 154294 is divided by 19257?
238
What is the remainder when 16313670 is divided by 1402?
1400
What is the remainder when 422584 is divided by 36?
16
What is the remainder when 2412044 is divided by 370?
14
Calculate the remainder when 202036879 is divided by 304.
303
What is the remainder when 417563 is divided by 6142?
6049
What is the remainder when 13399043 is divided by 382?
11
Calculate the remainder when 96483 is divided by 96169.
314
What is the remainder when 135307 is divided by 3706?
1891
What is the remainder when 625099 is divided by 16028?
7
What is the remainder when 1310865 is divided by 218470?
45
What is the remainder when 483282 is divided by 2177?
2165
Calculate the remainder when 139188 is divided by 34692.
420
What is the remainder when 32509937 is divided by 2?
1
Calculate the remainder when 116606 is divided by 2401.
1358
What is the remainder when 107236 is divided by 21422?
126
Calculate the remainder when 117759 is divided by 3018.
57
What is the remainder when 29313662 is divided by 89?
88
What is the remainder when 6544075 is divided by 55932?
31
What is the remainder when 547453 is divided by 18872?
165
Calculate the remainder when 852667 is divided by 5171.
4623
What is the remainder when 253864 is divided by 370?
44
Calculate the remainder when 1787343 is divided by 758.
737
Calculate the remainder when 5283462 is divided by 6459.
0
Calculate the remainder when 1291500 is divided by 258294.
30
Calculate the remainder when 143367 is divided by 3625.
1992
What is the remainder when 1154971 is divided by 182?
181
What is the remainder when 2912964 is divided by 19291?
23
Calculate the remainder when 804263 is divided by 402109.
45
Calculate the remainder when 79936391 is divided by 934.
1
What is the remainder when 5918622 is divided by 46?
32
What is the remainder when 8712102 is divided by 4127?
5
Calculate the remainder when 2104929 is divided by 1688.
1681
What is the remainder when 46891 is divided by 2956?
2551
Calculate the remainder when 5931527 is divided by 1794.
563
Calculate the remainder when 74050 is divided by 3000.
2050
What is the remainder when 79602 is divided by 429?
237
What is the remainder when 10733076 is divided by 130891?
14
What is the remainder when 28441 is divided by 6565?
2181
What is the remainder when 1794518 is divided by 131?
80
Calculate the remainder when 11351457 is divided by 51833.
30
What is the remainder when 143065 is divided by 218?
57
What is the remainder when 219924718 is divided by 1257?
1255
Calculate the remainder when 304776 is divided by 178.
40
What is the remainder when 4997606 is divided by 418?
416
Calculate the remainder when 121201 is divided by 24188.
261
Calculate the remainder when 11529578 is divided by 431.
328
What is the remainder when 768733 is divided by 375?
358
What is the remainder when 46923 is divided by 2707?
904
Calculate the remainder when 391406 is divided by 14496.
14
What is the remainder when 32129297 is divided by 207?
206
What is the remainder when 413224359 is divided by 13829?
10
Calculate the remainder when 1711227 is divided by 42.
21
Calculate the remainder when 1952458 is divided by 425.
8
What is the remainder when 437190 is divided by 1472?
6
What is the remainder when 1514959 is divided by 7?
5
Calculate the remainder when 892335 is divided by 8835.
0
Calculate the remainder when 31877 is divided by 10518.
323
What is the remainder when 1739171878 is divided by 14?
10
Calculate the remainder when 451766 is divided by 64.
54
What is the remainder when 359037 is divided by 39631?
2358
What is the remainder when 40449 is divided by 38275?
2174
What is the remainder when 600682 is divided by 2017?
1633
What is the remainder when 116904 is divided by 8338?
172
Calculate the remainder when 369920 is divided by 18495.
20
Calculate the remainder when 94577848 is divided by 45.
43
Calculate the remainder when 1094854 is divided by 646.
530
What is the remainder when 437994 is divided by 437145?
849
Calculate the remainder when 460054 is divided by 51114.
28
What is the remainder when 5770308 is divided by 1822?
34
What is the remainder when 57562 is divided by 6885?
2482
Calculate the remainder when 59387 is divided by 748.
295
Calculate the remainder when 1552138 is divided by 31.
30
What is the remainder when 214019 is divided by 142?
25
What is the remainder when 3983003 is divided by 3928?
11
What is the remainder when 3036943 is divided by 19593?
28
Calculate the remainder when 416269 is divided by 593.
576
What is the remainder when 2549982 is divided by 2901?
3
What is the remainder when 4517 is divided by 4462?
55
What is the remainder when 102932 is divided by 11381?
503
Calculate the remainder when 278046 is divided by 3284.
2190
Calculate the remainder when 128503 is divided by 42493.
1024
What is the remainder when 142009 is divided by 284?
9
Calculate the remainder when 239047 is divided by 3984.
7
Calculate the remainder when 2925482 is divided by 719.
590
Calculate the remainder when 56976 is divided by 1742.
1232
Calculate the remainder when 27034 is divided by 27013.
21
What is the remainder when 7476443 is divided by 17?
13
What is the remainder when 9897939 is divided by 380688?
51
What is the remainder when 10165 is divided by 484?
1
What is the remainder when 172438 is divided by 56896?
1750
What is the remainder when 18015583 is divided by 64?
31
What is the remainder when 189189931 is divided by 63063304?
19
Calculate the remainder when 2021 is divided by 748.
525
Calculate the remainder when 1168105 is divided by 583976.
153
What is the remainder when 2662188 is divided by 9716?
4
Calculate the remainder when 371087352 is divided by 11.
9
What is the remainder when 3634317 is divided by 1886?
1881
Calculate the remainder when 5722538 is divided by 817505.
3
What is the remainder when 3667594 is divided by 265?
259
Calculate the remainder when 989092 is divided by 709.
37
What is the remainder when 27397594 is divided by 2300?
2294
Calculate the remainder when 23310606 is divided by 7770183.
57
Calculate the remainder when 33164004 is divided by 136.
132
What is the remainder when 1619143 is divided by 539625?
268
Calculate the remainder when 141513 is divided by 3822.
99
Calculate the remainder when 53124397 is divided by 101.
13
What is the remainder when 6725088 is divided by 611348?
260
What is the remainder when 292370 is divided by 428?
46
What is the remainder when 1507032 is divided by 18157?
1
What is the remainder when 504778 is divided by 57?
43
What is the remainder when 10481 is divided by 11?
9
What is the remainder when 71174 is divided by 71091?
83
What is the remainder when 35883150 is divided by 2519?
2514
Calculate the remainder when 687985 is divided by 17.
12
Calculate the remainder when 11132017 is divided by 2243.
8
What is the remainder when 29295 is divided by 17337?
11958
What is the remainder when 95113 is divided by 47487?
139
Calculate the remainder when 534848 is divided by 31.
5
What is the remainder when 22887 is divided by 1556?
1103
What is the remainder when 1442942 is divided by 96191?
77
Calculate the remainder when 34285 is divided by 33999.
286
Calculate the remainder when 414737 is divided by 103621.
253
What is the remainder when 2597353 is divided by 373?
154
Calculate the remainder when 647916 is divided by 647770.
146
What is the remainder when 545893 is divided by 189?
61
Calculate the remainder when 44480 is divided by 7403.
62
Calculate the remainder when 62976 is divided by 20984.
24
Calculate the remainder when 853220 is divided by 121849.
277
Calculate the remainder when